f + 4*u = 248. What are the prime factors of f?
2, 67
Let r = -141230 + 200496. List the prime factors of r.
2, 29633
Let r(z) = 2*z + 12. Suppose -b - 3*y - 4 = -y, -20 = 5*b + 5*y. Let u be r(b). What are the prime factors of (u/6)/(6/(-9)) + 98?
97
List the prime factors of (-120)/(-168)*6083 - 2*5.
3, 5, 17
Let l = 52 - 44. Suppose -l*f = -4*f - 68. Let a = -7 + f. List the prime factors of a.
2, 5
Let s = -438 - -442. Suppose -5*o - 5*y + 4478 = -777, -o + s*y = -1076. What are the prime factors of o?
2, 3, 11
What are the prime factors of 5/((-10)/6) - 1*(-10933 - 9)?
10939
Suppose 0 = -2*v + 4*d + 20, v - 10 = 5*d + 12. Suppose -v*x = 8*x + 90. List the prime factors of (-153)/(-6) + x/18.
5
Let f(g) = -507*g - 3*g**2 + 3*g**2 + 518*g + 18 + g**2. Let w be f(-8). What are the prime factors of (-4 - 26)/w - -72?
7, 11
Let m(g) = g**2 - 22*g + 23. Let h be m(21). Suppose -v - h = -5. Suppose -2*i + 260 - 5 = 5*w, v*w = -i + 129. List the prime factors of i.
2, 3, 5
Let b be (-4)/3*(-1 + -8). Let q = 3220 + -3244. What are the prime factors of ((-66)/b)/(3 + 74/q)?
2, 3, 11
Suppose 47*f = 209 - 68. Suppose f*h - 4742 = -4*l, -3*l + 383 = 4*h - 3177. List the prime factors of l.
2, 37
Let g be 2/6 + (-106400)/168. Let c = 955 + g. What are the prime factors of c?
2, 7, 23
Let v = -479 - -479. Suppose -r - j + 1181 = v, -4*r + j + 606 + 4108 = 0. What are the prime factors of r?
3, 131
Let c be ((-64)/(-4))/((10/(-4))/(-5)). List the prime factors of 2/(-16) + (3 - (-14948)/c).
2, 5, 47
Suppose -6*a + 23957 = -10459. List the prime factors of a.
2, 3, 239
Let y be (2/(-3))/((16/(-3588))/2). Suppose 198 = 7*h - y. List the prime factors of h.
71
What are the prime factors of 4/10 + 31076/(-425)*-130?
2, 7, 97
Let k(x) = 82*x**2 + 27*x + 153. List the prime factors of k(-18).
3, 5, 11, 53
Let w = -7022 - -22530. List the prime factors of w.
2, 3877
What are the prime factors of (-33)/(-3)*(-856)/(64/(-8))?
11, 107
Let u(c) = c**2 + 12*c - 11. Let z be u(-13). Suppose 3*a - 843 = -5*s, 325 = z*a + 2*s - 233. What are the prime factors of a?
2, 3, 23
Let c be -1 + (-1 - -2) + -3 + 1543. Suppose 2*w + 8 = 0, 4*z + 46*w - 49*w = c. What are the prime factors of z?
2, 191
Let b = 4580 + 7128. List the prime factors of b.
2, 2927
Let p(n) = 2*n - n - 4*n + 2*n. Let w be p(-3). Suppose 9 = w*l, -2*m + 0 = -2*l - 150. What are the prime factors of m?
2, 3, 13
Let c be (14/(-6) + 1)*3/2. Let v be (-2)/(-4)*(-5 - (c - 3)). Suppose 6*i - i - 1010 = v. What are the prime factors of i?
2, 101
Suppose 19171 = -78*k + 142177. What are the prime factors of k?
19, 83
Suppose -19*b = -224671 + 44237 - 49599. What are the prime factors of b?
12107
Suppose -2*f - 39 = 3*k - 175, 0 = -4*k + 16. Let n = 92 - f. Let u = 232 - n. List the prime factors of u.
2, 101
Let s = 17402 + -11919. List the prime factors of s.
5483
Let a(r) = -499*r**3 - 2*r**2 - r - 4. List the prime factors of a(-3).
2, 7, 31
Suppose 347*z = -4*h + 349*z + 245504, 2*h - 122732 = -4*z. List the prime factors of h.
2, 3, 53, 193
Let o(q) = q**3 + 28*q**2 - 80*q + 16. What are the prime factors of o(-18)?
2, 587
Let t = 7153 + 36502. What are the prime factors of t?
5, 8731
Suppose -3*h = -4*c - 443, 2*h + 2*c - 318 = -c. Let a be ((-18)/8)/((-2)/56). Let n = h - a. What are the prime factors of n?
2, 3, 5
Let x(o) = 11*o**2 + 36*o - 2823. What are the prime factors of x(-59)?
2, 521
Suppose -3*k = 5*k - 1672. Suppose -17 = 2*n - k. List the prime factors of n.
2, 3
Suppose 22*t - 92 = 18*t. Let b(q) = -8 - 3*q + q + 0*q + t. List the prime factors of b(5).
5
Suppose 5*i + 3*w - 570 = 0, 4*i + 6*w = 3*w + 459. Suppose 112*n = i*n. Suppose 0 = 2*o - 3*y - 176, 2*o + 2*y = -n*o + 186. List the prime factors of o.
7, 13
Suppose -2*n + 3*n - 10949 = -3*m, -4*m - 4 = 0. List the prime factors of n.
2, 37
Let k(i) = 3973*i**2 + i + 6. What are the prime factors of k(-1)?
2, 3, 13, 17
Suppose 25*u - 57*u + 16*u = -266800. What are the prime factors of u?
5, 23, 29
Let x(f) be the second derivative of f**4/12 - 5*f**3/6 + 15*f**2/2 - 90*f. What are the prime factors of x(-9)?
3, 47
Let n(t) = 449*t - 56. Let u(d) = -449*d + 57. Let l(z) = -5*n(z) - 6*u(z). What are the prime factors of l(3)?
5, 257
What are the prime factors of -658 + 656 + 78*13 + 0?
2, 11, 23
Suppose -5*d + 23608 = 3*z - 11778, 4*z = 2*d - 14170. List the prime factors of d.
7079
Let j be (-54)/(-14) + 5/35. Let y = -172 - -175. Suppose -o - y*m = -6*o + 743, j*o - 2*m = 594. List the prime factors of o.
2, 37
Let h(s) = 5*s**3 + s**2 - 15*s - 4. Let p(u) = -u**3 + u**2 + u + 1. Let r(w) = h(w) + 3*p(w). Let z be r(4). Let m = 209 - z. What are the prime factors of m?
2, 3, 11
Let b = -12 - -14. Suppose -u - 5*y - 454 = -b*u, 6 = 3*y. Suppose -6*s + 280 + u = 0. What are the prime factors of s?
2, 31
Let f be (-59 - -4 - -1)*-27. Let a = f - 680. List the prime factors of a.
2, 389
Suppose 5*z + 132 - 42 = 0. Let s be 6 - (z/(-8) - 4/16). Suppose 4*k = -3*v - 0*k + 287, -s*k - 336 = -4*v. List the prime factors of v.
89
Let j = 4085 + 491. List the prime factors of j.
2, 11, 13
Suppose 2*k - 2*c = 9120, 11284 = 4*k + c - 6936. List the prime factors of k.
2, 17, 67
Let p(n) = -7*n**3 - 9*n**2 - 7*n - 12. Let x(q) = 13*q**3 + 17*q**2 + 12*q + 23. Let v(c) = -7*p(c) - 4*x(c). List the prime factors of v(-7).
769
Let n = -18 - -66. Suppose -4*h + 4*w = n, w + 4*w - 25 = 0. Let x = 59 - h. List the prime factors of x.
2, 3, 11
Let c(x) = x**3 - 18*x**2 + 15*x + 38. Let u be c(17). Suppose 2*d - 20 = u*m, -8*m - 30 = -3*m - 5*d. List the prime factors of 0 + -3 - (m*6 - 2).
23
Let h(f) = f**2 - 8*f + 6. Let y be h(2). List the prime factors of -6 + 11 + y + 535.
2, 3, 89
Let d(a) = 4*a**2 + 11*a + 11. Let k(w) = 12*w**2 + 32*w + 33. Let y(j) = -11*d(j) + 4*k(j). List the prime factors of y(-9).
2, 17
Let o(z) = -5*z**3 + 4*z**2 + 6*z - 6. Let h be o(4). Let u be (h - 3)/((-2)/2). Suppose 44 = 3*r - u. List the prime factors of r.
5, 19
Let r(a) = a**2 + 2*a + 18. Let k be r(-3). Suppose -k*w - 56 = -b - 19*w, b - 4*w = 60. List the prime factors of b.
2, 13
List the prime factors of ((-945)/(-21))/(-15) + 58548.
3, 5, 1301
Suppose -32*q - 5*s = -33*q + 2970, 3*s - 12 = 0. What are the prime factors of q?
2, 5, 13, 23
Let v = -45 - -70. Suppose 0 = 14*y - 123 + v. Let f(a) = 4*a + 37. What are the prime factors of f(y)?
5, 13
Let a = -9 + 3. Let n be 96/52 + -2 - 275/(-13). List the prime factors of (5320/n)/2 + (-2)/a.
127
Let d = -4090 + 6812. Let s = -1290 + d. What are the prime factors of s?
2, 179
What are the prime factors of 868/(-1116) + 545054/18?
2, 5, 757
Let w be (-6 + 10)*3/(-12). What are the prime factors of (900 - 4)/(2*1 + w)?
2, 7
Let b(x) = -x + 2. Let n be b(-3). Suppose 0 = -4*m + 3*r - 19 - 11, 2*m = 3*r - 24. What are the prime factors of (-14)/n - m - (-5295)/25?
2, 53
Let t = 1034 + 5857. What are the prime factors of t?
3, 2297
Let x be (-1)/(14/424) - 34/(-119). Let z = 32 + x. What are the prime factors of -1 - (-121 - z - 0)?
2, 61
Let l(f) = -f**2 - 26*f + 78. Let v be l(-24). Let y = v - -353. List the prime factors of y.
479
Suppose b = 26 - 11. Suppose -14*p - 95 = -b*p. Let x = p - -52. What are the prime factors of x?
3, 7
Suppose 5*z = 0, g = -0*g - 3*z. Let m be 19/(-3) + g - (-9)/27. Let f = m - -146. What are the prime factors of f?
2, 5, 7
Suppose 51466 = 5*b - 2*n, -5*n = -3*b - 8*n + 30867. Suppose 0 = -9*v + b + 2578. List the prime factors of v.
2, 5, 11, 13
Let v(c) = -5*c + 47. Let a be v(9). Suppose 4*g + 3*q - 731 = 1926, a*q + 656 = g. List the prime factors of g.
2, 331
Let x = -4 - 75. Let q = 485 + x. List the prime factors of q/6 - -3 - (-2)/(-3).
2, 5, 7
Let j = -2990 + 6764. What are the prime factors of j?
2, 3, 17, 37
List the prime factors of 4/26 - (-7796760)/1118.
2, 11, 317
Let c(u) = 40029*u**2 - 1544*u + 1544. What are the prime factors of c(1)?
3, 11, 1213
Let o be (-12)/48*9*-48*1. Suppose 4*c + x - 76 = 131, 2*c - 4*x = o. What are the prime factors of c?
2, 13
Let s(r) = -r**3 + 11*r**2 - 10*r + 22. Let p be s(8). Suppose 4*t = -4*h + 820, 76 + p = t - 4*h. List the prime factors of t.
2, 103
Let x = -130 + 135. Suppose -2*y + x*y = -4*r + 22, 5*r - 5*y = 10. Suppose 